{"id":657,"date":"2022-02-13T16:39:26","date_gmt":"2022-02-13T16:39:26","guid":{"rendered":"https:\/\/startersites.io\/stagingfour\/?page_id=656"},"modified":"2025-05-02T21:54:13","modified_gmt":"2025-05-02T21:54:13","slug":"home","status":"publish","type":"page","link":"https:\/\/weyv.ch\/","title":{"rendered":"Home"},"content":{"rendered":"\n<div class=\"wp-block-stackable-spacer stk-block-spacer stk--no-padding stk-block stk-2e1db4b\" data-block-id=\"2e1db4b\"><style>.stk-2e1db4b {height:100px !important;}<\/style><\/div>\n\n\n\n<div class=\"wp-block-stackable-columns alignfull stk-block-columns stk-block stk-f21c13f\" data-block-id=\"f21c13f\"><style>.stk-f21c13f {margin-bottom:119px !important;}<\/style><div class=\"stk-row stk-inner-blocks stk-block-content stk-content-align stk-f21c13f-column alignfull\">\n<div class=\"wp-block-stackable-column stk-block-column stk-column stk-block stk-0387b7c\" data-v=\"4\" data-block-id=\"0387b7c\"><div class=\"stk-column-wrapper stk-block-column__content stk-container stk-0387b7c-container stk--no-background stk--no-padding\"><div class=\"stk-block-content stk-inner-blocks stk-0387b7c-inner-blocks\">\n<div class=\"wp-block-stackable-image alignfull stk-block-image stk-block stk-44c5799\" data-block-id=\"44c5799\"><style>.stk-44c5799 .stk-img-wrapper{width:100% !important;height:720px !important;filter:drop-shadow(none) !important;}.stk-44c5799 .stk-img-wrapper img{transform:scale(1.1) !important;object-position:61% 55.00000000000001% !important;}<\/style><figure><span class=\"stk-img-wrapper stk-image--shape-stretch stk--shadow-none\"><img loading=\"lazy\" decoding=\"async\" class=\"stk-img wp-image-821\" src=\"https:\/\/weyv.ch\/wp-content\/uploads\/2024\/07\/IMG_6133-1024x768.jpeg\" width=\"1024\" height=\"768\" srcset=\"https:\/\/weyv.ch\/wp-content\/uploads\/2024\/07\/IMG_6133-1024x768.jpeg 1024w, https:\/\/weyv.ch\/wp-content\/uploads\/2024\/07\/IMG_6133-300x225.jpeg 300w, https:\/\/weyv.ch\/wp-content\/uploads\/2024\/07\/IMG_6133-768x576.jpeg 768w, https:\/\/weyv.ch\/wp-content\/uploads\/2024\/07\/IMG_6133.jpeg 1176w\" sizes=\"auto, (max-width: 1024px) 100vw, 1024px\" \/><\/span><\/figure><\/div>\n<\/div><\/div><\/div>\n<\/div><\/div>\n\n\n\n<div class=\"wp-block-stackable-image stk-block-image stk-block stk-fd9f366\" data-block-id=\"fd9f366\"><style>.stk-fd9f366 {margin-bottom:34px !important;}<\/style><figure><span class=\"stk-img-wrapper stk-image--shape-stretch\"><img loading=\"lazy\" decoding=\"async\" class=\"stk-img wp-image-837\" src=\"https:\/\/weyv.ch\/wp-content\/uploads\/2025\/05\/WEXV_TischsetDAHUAM.jpg\" width=\"914\" height=\"858\" srcset=\"https:\/\/weyv.ch\/wp-content\/uploads\/2025\/05\/WEXV_TischsetDAHUAM.jpg 914w, https:\/\/weyv.ch\/wp-content\/uploads\/2025\/05\/WEXV_TischsetDAHUAM-300x282.jpg 300w, https:\/\/weyv.ch\/wp-content\/uploads\/2025\/05\/WEXV_TischsetDAHUAM-768x721.jpg 768w\" sizes=\"auto, (max-width: 914px) 100vw, 914px\" \/><\/span><\/figure><\/div>\n\n\n\n<div class=\"wp-block-stackable-text stk-block-text stk-block stk-65f1567\" data-block-id=\"65f1567\"><style>.stk-65f1567 {margin-bottom:71px !important;}<\/style><p class=\"stk-block-text__text\">Tischsetblock Dahuam \u2013 \u00e0 50 Blatt \u2013 ab sofort bestellbar bei <a href=\"mailto:yvette.werner@bluewin.ch\">yvette.werner@bluewin.ch<\/a><\/p><\/div>\n\n\n\n<div class=\"wp-block-stackable-columns alignwide stk-block-columns stk-block stk-1284f2b stk-block-background\" data-block-id=\"1284f2b\"><style>.stk-1284f2b {background-color:#f7f8f8 !important;max-width:100% !important;min-width:auto !important;padding-top:0px !important;padding-right:0px !important;padding-bottom:0px !important;padding-left:0px !important;margin-bottom:0px !important;}.stk-1284f2b:before{background-color:#f7f8f8 !important;}.stk-1284f2b-column{--stk-column-gap:35px !important;}@media screen and (max-width:689px){.stk-1284f2b {padding-top:70px !important;padding-bottom:30px !important;}}<\/style><div class=\"stk-row stk-inner-blocks stk-block-content stk-content-align stk-1284f2b-column alignwide\">\n<div class=\"wp-block-stackable-column stk-block-column stk-column stk-block stk-281a693 stk-block-background\" data-v=\"4\" data-block-id=\"281a693\"><style>.stk-281a693-container{margin-top:0px !important;margin-right:0px !important;margin-bottom:0px !important;margin-left:0px !important;}.stk-281a693 {align-self:center !important;background-color:var(--theme-palette-color-8, #ffffff) !important;}.stk-281a693:before{background-color:var(--theme-palette-color-8, #ffffff) !important;}<\/style><div class=\"stk-column-wrapper stk-block-column__content stk-container stk-281a693-container stk--no-background stk--no-padding\"><div class=\"has-text-align-left has-text-align-center-mobile stk-block-content stk-inner-blocks stk-281a693-inner-blocks\">\n<div class=\"wp-block-stackable-spacer stk-block-spacer stk--no-padding stk-block stk-d41994f\" data-block-id=\"d41994f\"><style>.stk-d41994f {height:10px !important;}<\/style><\/div>\n\n\n\n<h2 class=\"wp-block-heading has-text-align-left has-100-font-size\"><span style=\"color: var(--theme-palette-color-1, #779393);\" class=\"stk-highlight\">\u00dcBER WEYV<\/span><\/h2>\n\n\n\n<p class=\"has-text-align-left has-medium-font-size\">weyv steht f\u00fcr Yvette Werner \u2013 Ich lebe mit meiner Familie im St.Galler Rheintal, bin sehr gerne <strong>WIDNAUERIN.<\/strong><\/p>\n\n\n\n<p class=\"has-text-align-left has-medium-font-size\"><strong>DAHUAM<\/strong>, heisst es bei uns &#8211; das ist f\u00fcr mich kein Ort, sondern ein&nbsp;<strong>GEF\u00dcHL.<\/strong><\/p>\n\n\n\n<p class=\"has-text-align-left has-medium-font-size\">Vor allem unser Dialekt ist besonders einzigartig und er begegnet den Betrachterinnen und Betrachter auch in meinen&nbsp;<strong>GESTALTUNGEN&nbsp;<\/strong>immer wieder. Diese wunderbare Eigenheit zu bewahren, ist mir besonders wichtig.<\/p>\n\n\n\n<p class=\"has-text-align-left has-medium-font-size\">Schon einige Jahre bin ich als selbst\u00e4ndige Gestalterin t\u00e4tig. Insbesonders sch\u00f6ne<strong> TYPOGRAPHIE&nbsp;<\/strong>mit Farben und Speziellem kombiniert sind meine Leidenschaft. Ich entwerfe f\u00fcr Firmen aber auch f\u00fcr Private ihre Auftritte und W\u00fcnsche.<br>Die Begeisterung f\u00fcr meinen Beruf ist f\u00fcr mich Kraft und Freude zugleich. Sowohl die digitale Welt, aber auch Printgestaltung und sch\u00f6ne <strong>PAPIERE&nbsp;<\/strong>faszinieren mich.<\/p>\n\n\n\n<p class=\"has-text-align-left has-medium-font-size\">Zus\u00e4tzlich habe ich mich als&nbsp;<strong>FARBGESTALTERIN&nbsp;<\/strong>weitergebildet und ich freue mich auch in meinen&nbsp;<strong>KARTEN&nbsp;<\/strong>und meinen&nbsp;<strong>SCHISCHI-SACHEN&nbsp;<\/strong>die Farbwelten und ihre Wirkung zu zeigen.<\/p>\n\n\n\n<p class=\"has-text-align-left has-medium-font-size\">Besonders habe ich mich f\u00fcr die&nbsp;<strong>GESTALTUNG VON TRAUERKARTEN&nbsp;<\/strong>spezialisiert \u2013 sie sind gedruckt und zum Teil auch handgemacht.<\/p>\n\n\n\n<p class=\"has-text-align-left has-medium-font-size\">Auch sonstige&nbsp;<strong>GRUSSKARTEN&nbsp;<\/strong>und Bestellungen f\u00fcr Firmen geh\u00f6ren zu meinem Angebot.<\/p>\n\n\n\n<p class=\"has-text-align-left has-medium-font-size\"><strong>SCHAUFENSTER&nbsp;<\/strong>saisonal zu bemalen macht mir besonders Freude und auch empfehle ich mich f\u00fcr&nbsp;<strong>VERFASSEN&nbsp;<\/strong>und&nbsp;<strong>SCHREIBEN&nbsp;<\/strong>von pers\u00f6nlichen,&nbsp;<strong>HANDGESCHRIEBENEN KARTEN&nbsp;<\/strong>beispielsweise f\u00fcr Hochzeiten, Pensionierungen, Jubil\u00e4en und Trauerf\u00e4lle usw.<\/p>\n\n\n\n<div class=\"wp-block-stackable-spacer stk-block-spacer stk--no-padding stk-block stk-000f4df\" data-block-id=\"000f4df\"><style>.stk-000f4df {height:50px !important;}<\/style><\/div>\n<\/div><\/div><\/div>\n<\/div><\/div>\n\n\n\n<div class=\"wp-block-stackable-spacer stk-block-spacer stk--no-padding stk-block stk-f595949\" data-block-id=\"f595949\"><style>.stk-f595949 {height:100px !important;}@media screen and (max-width:999px){.stk-f595949 {height:70px !important;}}<\/style><\/div>\n\n\n\n<div class=\"wp-block-stackable-spacer stk-block-spacer stk--no-padding stk-block stk-89c478b\" data-block-id=\"89c478b\"><style>.stk-89c478b {height:50px !important;}@media screen and (max-width:689px){.stk-89c478b {height:50px !important;}}<\/style><\/div>\n\n\n\n<div class=\"wp-block-stackable-image alignfull stk-block-image stk-block stk-aa4f346\" data-block-id=\"aa4f346\"><figure><span class=\"stk-img-wrapper stk-image--shape-stretch\"><img loading=\"lazy\" decoding=\"async\" class=\"stk-img wp-image-803\" src=\"https:\/\/weyv.ch\/wp-content\/uploads\/2024\/07\/IMG_6083-2-scaled.jpg\" width=\"2560\" height=\"1857\" srcset=\"https:\/\/weyv.ch\/wp-content\/uploads\/2024\/07\/IMG_6083-2-scaled.jpg 2560w, https:\/\/weyv.ch\/wp-content\/uploads\/2024\/07\/IMG_6083-2-300x218.jpg 300w, https:\/\/weyv.ch\/wp-content\/uploads\/2024\/07\/IMG_6083-2-1024x743.jpg 1024w, https:\/\/weyv.ch\/wp-content\/uploads\/2024\/07\/IMG_6083-2-768x557.jpg 768w, https:\/\/weyv.ch\/wp-content\/uploads\/2024\/07\/IMG_6083-2-1536x1114.jpg 1536w, https:\/\/weyv.ch\/wp-content\/uploads\/2024\/07\/IMG_6083-2-2048x1486.jpg 2048w\" sizes=\"auto, (max-width: 2560px) 100vw, 2560px\" \/><\/span><\/figure><\/div>\n\n\n\n<div class=\"wp-block-stackable-spacer stk-block-spacer stk--no-padding stk-block stk-25daf47\" data-block-id=\"25daf47\"><style>.stk-25daf47 {height:100px !important;}@media screen and (max-width:999px){.stk-25daf47 {height:50px !important;}}@media screen and (max-width:689px){.stk-25daf47 {height:50px !important;}}<\/style><\/div>\n\n\n\n<div class=\"wp-block-stackable-columns alignfull stk-block-columns stk-block stk-2e9b576 stk-block-background\" data-block-id=\"2e9b576\"><style>.stk-2e9b576 .stk--block-align-2e9b576{align-items:center !important;}.stk-2e9b576 {background-color:var(--theme-palette-color-1, #779393) !important;background-position:center left !important;background-repeat:no-repeat !important;background-size:contain !important;padding-top:0px !important;padding-right:0px !important;padding-bottom:0px !important;padding-left:0px !important;margin-bottom:0px !important;}.stk-2e9b576:before{background-color:var(--theme-palette-color-1, #779393) !important;}.stk-2e9b576-column{--stk-column-gap:35px !important;}<\/style><div class=\"stk-row stk-inner-blocks has-text-align-center-mobile stk--block-align-2e9b576 stk-block-content stk-content-align stk-2e9b576-column\">\n<div class=\"wp-block-stackable-column stk-block-column stk-column stk-block stk-6bc14d3\" data-v=\"4\" data-block-id=\"6bc14d3\"><style>.stk-6bc14d3-container{margin-top:0px !important;margin-right:0px !important;margin-bottom:0px !important;margin-left:0px !important;background-color:transparent !important;background-image:url(https:\/\/weyv.ch\/wp-content\/uploads\/2021\/05\/flower-3.svg) !important;background-position:center center !important;background-repeat:no-repeat !important;background-size:contain !important;box-shadow:none !important;padding-top:0px !important;padding-right:0px !important;padding-bottom:0px !important;padding-left:0px !important;}.stk-6bc14d3 {padding-top:0px !important;padding-right:0px !important;padding-bottom:0px !important;padding-left:0px !important;margin-top:-55px !important;margin-bottom:-10px !important;overflow:hidden !important;}.stk-6bc14d3-container:before{background-color:transparent !important;opacity:0.9 !important;}@media screen and (max-width:999px){.stk-6bc14d3 {padding-top:50px !important;padding-bottom:50px !important;margin-top:0px !important;margin-bottom:0px !important;}}<\/style><div class=\"stk-column-wrapper stk-block-column__content stk-container stk-6bc14d3-container stk-hover-parent stk--has-background-overlay\"><div class=\"stk-block-content stk-inner-blocks stk-6bc14d3-inner-blocks\">\n<div class=\"wp-block-stackable-columns stk-block-columns stk-block stk-37b192d\" data-block-id=\"37b192d\"><div class=\"stk-row stk-inner-blocks stk-block-content stk-content-align stk-37b192d-column\">\n<div class=\"wp-block-stackable-column stk-block-column stk-column stk-block stk-0a73986\" data-v=\"4\" data-block-id=\"0a73986\"><div class=\"stk-column-wrapper stk-block-column__content stk-container stk-0a73986-container stk--no-background stk--no-padding\"><div class=\"stk-block-content stk-inner-blocks stk-0a73986-inner-blocks\">\n<figure class=\"wp-block-gallery has-nested-images columns-default is-cropped wp-block-gallery-1 is-layout-flex wp-block-gallery-is-layout-flex\">\n<figure class=\"wp-block-image aligncenter size-full is-style-default\"><img loading=\"lazy\" decoding=\"async\" width=\"901\" height=\"971\" data-id=\"762\" src=\"https:\/\/weyv.ch\/wp-content\/uploads\/2024\/07\/IMG_5807.jpg\" alt=\"\" class=\"wp-image-762\" srcset=\"https:\/\/weyv.ch\/wp-content\/uploads\/2024\/07\/IMG_5807.jpg 901w, https:\/\/weyv.ch\/wp-content\/uploads\/2024\/07\/IMG_5807-278x300.jpg 278w, https:\/\/weyv.ch\/wp-content\/uploads\/2024\/07\/IMG_5807-768x828.jpg 768w\" sizes=\"auto, (max-width: 901px) 100vw, 901px\" \/><\/figure>\n<\/figure>\n<\/div><\/div><\/div>\n<\/div><\/div>\n<\/div><\/div><\/div>\n\n\n\n<div class=\"wp-block-stackable-column stk-block-column stk-column stk-block stk-ee06653\" data-v=\"4\" data-block-id=\"ee06653\"><style>.stk-ee06653-container{margin-top:0px !important;margin-right:0px !important;margin-bottom:0px !important;margin-left:0px !important;}.stk-ee06653 {padding-top:50px !important;padding-bottom:50px !important;}<\/style><div class=\"stk-column-wrapper stk-block-column__content stk-container stk-ee06653-container stk--no-background stk--no-padding\"><div class=\"stk-block-content stk-inner-blocks stk-ee06653-inner-blocks\">\n<div class=\"wp-block-stackable-heading stk-block-heading stk-block-heading--v2 stk-block stk-97ad175\" id=\"weyv\" data-block-id=\"97ad175\"><style>.stk-97ad175 {margin-bottom:10px !important;}.stk-97ad175 .stk-block-heading__text{color:var(--theme-palette-color-8, #ffffff) !important;}@media screen and (max-width:999px){.stk-97ad175 .stk-block-heading__text{font-size:35px !important;}}@media screen and (max-width:689px){.stk-97ad175 .stk-block-heading__text{font-size:25px !important;}}<\/style><h2 class=\"stk-block-heading__text has-text-color has-palette-color-8-color has-text-align-left has-text-align-center-mobile\">WEYV<\/h2><\/div>\n\n\n\n<p class=\"has-text-align-left has-palette-color-8-color has-text-color has-link-color wp-elements-acb9b15b02ce84c754cc305a24b9bcec\">Meine Karten und meine Schischi-Sachen sind aktuell bei mir erh\u00e4ltlich. Gerne zeige ich das ganze Sortiment. Kontaktiere mich \u00fcber mein Mail oder \u00fcber meine Mobil-Nummer und vereinbare einen Termin mit mir.<\/p>\n\n\n\n<p class=\"has-text-align-left has-palette-color-8-color has-text-color has-link-color wp-elements-4bb53213a1fc10eb3d44d80bfbe45d64\">Auch bin ich bereit f\u00fcr die Umsetzung spezieller Kundenw\u00fcnsche.<\/p>\n\n\n\n<p class=\"has-text-align-left has-palette-color-8-color has-text-color has-link-color wp-elements-2e4f2b4a379e983dc96c0fa9db5c221b\">Ich liefere meine Sachen wenn m\u00f6glich mit meinem schnellen Velo frei Haus und freue mich auf viele sch\u00f6ne Begegnungen.<\/p>\n\n\n\n<p class=\"has-palette-color-8-color has-text-color has-link-color wp-elements-9e6d619310b86eff9d57c040ada04b44\">F\u00fcr Anregungen, Ideen und liebgemeinte Ratschl\u00e4ge bin ich offen und freue mich auf Kontakt mit Euch.<\/p>\n\n\n\n<p class=\"has-palette-color-8-color has-text-color has-link-color wp-elements-d762a1b37c7618c2803047b17906c2e5\">Bis bald und lugid goat zu \u00d6i<\/p>\n\n\n\n<p class=\"has-palette-color-8-color has-text-color has-link-color wp-elements-0d5942175b5bbf900594657b4e64ef7c\">WEYV<\/p>\n<\/div><\/div><\/div>\n<\/div><\/div>\n\n\n\n<div class=\"wp-block-stackable-spacer stk-block-spacer stk--no-padding stk-block stk-d51dfe9\" data-block-id=\"d51dfe9\"><style>.stk-d51dfe9 {height:100px !important;}@media screen and (max-width:999px){.stk-d51dfe9 {height:70px !important;}}@media screen and (max-width:689px){.stk-d51dfe9 {height:50px !important;}}<\/style><\/div>\n\n\n\n<p><\/p>\n\n\n","protected":false},"excerpt":{"rendered":"<p>Tischsetblock Dahuam \u2013 \u00e0 50 Blatt \u2013 ab sofort bestellbar bei yvette.werner@bluewin.ch \u00dcBER WEYV weyv steht f\u00fcr Yvette Werner \u2013 Ich lebe mit meiner Familie im St.Galler Rheintal, bin sehr gerne WIDNAUERIN. DAHUAM, heisst es bei uns &#8211; das ist f\u00fcr mich kein Ort, sondern ein&nbsp;GEF\u00dcHL. Vor allem unser Dialekt ist besonders einzigartig und er [&hellip;]<\/p>\n","protected":false},"author":1,"featured_media":0,"parent":0,"menu_order":0,"comment_status":"closed","ping_status":"closed","template":"","meta":{"footnotes":""},"class_list":["post-657","page","type-page","status-publish","hentry"],"blocksy_meta":{"page_title_panel":"","has_hero_section":"disabled","f3f8f49fb10cdf60f245ab9c8d61436e":"","hero_section":"type-1","hero_elements":[{"id":"custom_title","enabled":true,"heading_tag":"h1","title":"Home"},{"id":"custom_description","enabled":true,"description_visibility":{"desktop":true,"tablet":true,"mobile":false}},{"id":"custom_meta","enabled":false,"meta_elements":[{"id":"author","enabled":true,"label":"By","has_author_avatar":"yes","avatar_size":25},{"id":"post_date","enabled":true,"label":"On","date_format_source":"default","date_format":"M j, Y"},{"id":"updated_date","enabled":false,"label":"On","date_format_source":"default","date_format":"M j, Y"},{"id":"categories","enabled":false,"label":"In","style":"simple"},{"id":"comments","enabled":true}],"page_meta_elements":{"joined":true,"articles_count":true,"comments":true}},{"id":"breadcrumbs","enabled":false}],"442407010c59f3ff91e57db40c13aa51":"","hero_alignment1":"CT_CSS_SKIP_RULE","hero_margin":40,"hero_alignment2":"center","hero_vertical_alignment":"center","81921b98d6b487651b2df5d7a9d37022":"","hero_structure":"narrow","913c0035614d47b332bdecd7430ace76":"","page_title_bg_type":"featured_image","custom_hero_background":{"attachment_id":null},"parallax":{"desktop":false,"tablet":false,"mobile":false},"70967a6a7da28d6c770c344eb8409341":"","hero_height":"250px","pageTitleFont":{"family":"Default","variation":"Default","size":"30px","line-height":"CT_CSS_SKIP_RULE","letter-spacing":"CT_CSS_SKIP_RULE","text-transform":"CT_CSS_SKIP_RULE","text-decoration":"CT_CSS_SKIP_RULE"},"pageTitleFontColor":{"default":{"color":"CT_CSS_SKIP_RULEDEFAULT"}},"pageMetaFont":{"family":"Default","variation":"n6","size":"12px","line-height":"1.3","letter-spacing":"CT_CSS_SKIP_RULE","text-transform":"uppercase","text-decoration":"CT_CSS_SKIP_RULE"},"pageMetaFontColor":{"default":{"color":"CT_CSS_SKIP_RULEDEFAULT"},"hover":{"color":"CT_CSS_SKIP_RULEDEFAULT"}},"page_meta_button_type_font_colors":{"default":{"color":"CT_CSS_SKIP_RULEDEFAULT"},"hover":{"color":"CT_CSS_SKIP_RULEDEFAULT"}},"page_meta_button_type_background_colors":{"default":{"color":"CT_CSS_SKIP_RULEDEFAULT"},"hover":{"color":"CT_CSS_SKIP_RULEDEFAULT"}},"pageExcerptFont":{"family":"Default","variation":"Default","size":"CT_CSS_SKIP_RULE","line-height":"CT_CSS_SKIP_RULE","letter-spacing":"CT_CSS_SKIP_RULE","text-transform":"CT_CSS_SKIP_RULE","text-decoration":"CT_CSS_SKIP_RULE"},"pageExcerptColor":{"default":{"color":"CT_CSS_SKIP_RULEDEFAULT"}},"breadcrumbsFont":{"family":"Default","variation":"Default","size":"CT_CSS_SKIP_RULE","line-height":"CT_CSS_SKIP_RULE","letter-spacing":"CT_CSS_SKIP_RULE","text-transform":"CT_CSS_SKIP_RULE","text-decoration":"CT_CSS_SKIP_RULE"},"breadcrumbsFontColor":{"default":{"color":"CT_CSS_SKIP_RULEDEFAULT"},"initial":{"color":"CT_CSS_SKIP_RULEDEFAULT"},"hover":{"color":"CT_CSS_SKIP_RULEDEFAULT"}},"pageTitleOverlay":{"background_type":"color","background_pattern":"type-1","background_image":{"attachment_id":null,"x":0,"y":0},"gradient":"linear-gradient(135deg,rgba(6,147,227,1) 0%,rgb(155,81,224) 100%)","background_repeat":"repeat","background_size":"auto","background_attachment":"scroll","patternColor":{"default":{"color":"#e5e7ea"}},"overlayColor":{"default":{"color":"CT_CSS_SKIP_RULE"}},"backgroundColor":{"default":{"color":"CT_CSS_SKIP_RULE"}}},"pageTitleBackground":{"background_type":"color","background_pattern":"type-1","background_image":{"attachment_id":null,"x":0,"y":0},"gradient":"linear-gradient(135deg,rgba(6,147,227,1) 0%,rgb(155,81,224) 100%)","background_repeat":"repeat","background_size":"auto","background_attachment":"scroll","patternColor":{"default":{"color":"#e5e7ea"}},"overlayColor":{"default":{"color":"CT_CSS_SKIP_RULE"}},"backgroundColor":{"default":{"color":"var(--theme-palette-color-6)"}}},"pageTitlePadding":{"top":"50px","bottom":"50px","left":"auto","right":"auto","linked":true},"2e05a9c38d0c36bceda7b14b88d788de":"","page_structure_type":"type-3","a94223346daed16993233c45c5846fc9":"","content_style_source":"inherit","content_style":"wide","vertical_spacing_source":"custom","content_area_spacing":"both","background":{"background_type":"color","background_pattern":"type-1","background_image":{"attachment_id":null,"x":0,"y":0},"gradient":"linear-gradient(135deg,rgba(6,147,227,1) 0%,rgb(155,81,224) 100%)","background_repeat":"repeat","background_size":"auto","background_attachment":"scroll","patternColor":{"default":{"color":"#e5e7ea"}},"overlayColor":{"default":{"color":"CT_CSS_SKIP_RULE"}},"backgroundColor":{"default":{"color":"CT_CSS_SKIP_RULE"}}},"content_background":{"background_type":"color","background_pattern":"type-1","background_image":{"attachment_id":null,"x":0,"y":0},"gradient":"linear-gradient(135deg,rgba(6,147,227,1) 0%,rgb(155,81,224) 100%)","background_repeat":"repeat","background_size":"auto","background_attachment":"scroll","patternColor":{"default":{"color":"#e5e7ea"}},"overlayColor":{"default":{"color":"CT_CSS_SKIP_RULE"}},"backgroundColor":{"default":{"color":"var(--theme-palette-color-8)"}}},"content_boxed_shadow":{"inherit":false,"blur":18,"spread":-6,"v_offset":12,"h_offset":0,"inset":false,"enable":true,"color":{"color":"rgba(34, 56, 101, 0.04)"}},"boxed_content_spacing":{"desktop":{"top":"40px","bottom":"40px","left":"40px","right":"40px","linked":true},"tablet":{"top":"35px","bottom":"35px","left":"35px","right":"35px","linked":true},"mobile":{"top":"20px","bottom":"20px","left":"20px","right":"20px","linked":true}},"content_boxed_radius":{"top":"3px","bottom":"3px","left":"3px","right":"3px","linked":true},"3ada77dc07bfaa247452c0ce87b83283":"","disable_featured_image":"no","disable_share_box":"no","disable_header":"no","disable_footer":"no","styles_descriptor":{"styles":{"desktop":"","tablet":"","mobile":""},"google_fonts":[],"version":6},"c1520e0c171ff62a862cccd198b5db4e":"","fb478f72fd2442d74f9a24d0b83fc3f9":"","bd2a79c1e55e8ea1648cd7bfe31100b9":"","8b1b758c92ec3143f21c03d8591a8d87":"","60c3e69010b70c71047c30e24b496391":"","3f323aba5c21edcbae60598e44ec2755":"","79aff2cc484aad5b0d0e54c70ae3c7a2":"","d461672d81a9f08f7a33c656f44f91e8":""},"_links":{"self":[{"href":"https:\/\/weyv.ch\/index.php?rest_route=\/wp\/v2\/pages\/657","targetHints":{"allow":["GET"]}}],"collection":[{"href":"https:\/\/weyv.ch\/index.php?rest_route=\/wp\/v2\/pages"}],"about":[{"href":"https:\/\/weyv.ch\/index.php?rest_route=\/wp\/v2\/types\/page"}],"author":[{"embeddable":true,"href":"https:\/\/weyv.ch\/index.php?rest_route=\/wp\/v2\/users\/1"}],"replies":[{"embeddable":true,"href":"https:\/\/weyv.ch\/index.php?rest_route=%2Fwp%2Fv2%2Fcomments&post=657"}],"version-history":[{"count":43,"href":"https:\/\/weyv.ch\/index.php?rest_route=\/wp\/v2\/pages\/657\/revisions"}],"predecessor-version":[{"id":865,"href":"https:\/\/weyv.ch\/index.php?rest_route=\/wp\/v2\/pages\/657\/revisions\/865"}],"wp:attachment":[{"href":"https:\/\/weyv.ch\/index.php?rest_route=%2Fwp%2Fv2%2Fmedia&parent=657"}],"curies":[{"name":"wp","href":"https:\/\/api.w.org\/{rel}","templated":true}]}}